{"id":51,"date":"2018-04-26T09:43:04","date_gmt":"2018-04-25T21:43:04","guid":{"rendered":"http:\/\/otautahitattoo.devsite.net.nz\/auckland\/?page_id=14"},"modified":"2023-05-17T02:29:49","modified_gmt":"2023-05-17T02:29:49","slug":"ta-moko-tatau","status":"publish","type":"page","link":"https:\/\/otautahitattoo.com\/christchurch\/tattoo-styles\/ta-moko-tatau\/","title":{"rendered":"T\u0101 Moko &amp; Kirituhi"},"content":{"rendered":"<p>T\u0101 Moko, the bodily art form of the indigenous M\u0101ori of New Zealand. An art form that traditionally marked status, social standing and now embodies a culture, history and family.<br \/>\nMoko has in recent years been divided into two main branches; T\u0101 Moko snd Kirituhi. T\u0101 Moko is primarily for those of M\u0101ori blood and descent, while Kirituhi is for those of non Maori heritage.<\/p>\n<p>Ta Moko and Kirituhi tell a story; the story of the person wearing the tattoo. This tells of their family (whanau), their descent (whakapapa), their people and community (iwi), and tells of their life, their journey and the moments and details of significance in their lives.<\/p>\n<p>Typically we would start the process sitting down with one of our Moko specialists to discuss your ideas you would like to represent in your tattoo, then designing freehand directly onto your skin with markers to craft a design that not only tells your story, but to create a tattoo that fits your body shape alone.<\/p>\n<p>One of the best things about M\u0101ori tattoos is that in the past and the present, no two designs are the same. M\u0101ori tattoos are always one of a kind, unique and hand crafted for the individual.<\/p>\n<p>If you would like to enquire further or book a time to get your own, email to <a href=\"mailto:christchurch@otautahitattoo.com\">christchurch@otautahitattoo.com<\/a> to start yourself on the journey to getting your own T\u0101 Moko or Kirituhi today!<\/p>\n","protected":false},"excerpt":{"rendered":"<p>T\u0101 Moko, the bodily art form of the indigenous M\u0101ori of New Zealand. An art form that traditionally marked status, social standing and now embodies a culture, history and family. Moko has in recent years been divided into two main branches; T\u0101 Moko snd Kirituhi. T\u0101 Moko is primarily for those of M\u0101ori blood and [&hellip;]<\/p>\n","protected":false},"author":1,"featured_media":0,"parent":49,"menu_order":0,"comment_status":"closed","ping_status":"closed","template":"page-tattoo-style.php","meta":{"_acf_changed":false,"footnotes":""},"class_list":["post-51","page","type-page","status-publish","hentry"],"acf":[],"yoast_head":"<!-- This site is optimized with the Yoast SEO plugin v27.2 - https:\/\/yoast.com\/product\/yoast-seo-wordpress\/ -->\n<title>T\u0101 Moko &amp; Kirituhi - \u014ctautahi Tattoo Christchurch Studio<\/title>\n<meta name=\"robots\" content=\"index, follow, max-snippet:-1, max-image-preview:large, max-video-preview:-1\" \/>\n<link rel=\"canonical\" href=\"http:\/\/otautahitattoo.com\/christchurch\/tattoo-styles\/ta-moko-tatau\/\" \/>\n<meta property=\"og:locale\" content=\"en_US\" \/>\n<meta property=\"og:type\" content=\"article\" \/>\n<meta property=\"og:title\" content=\"T\u0101 Moko &amp; Kirituhi - \u014ctautahi Tattoo Christchurch Studio\" \/>\n<meta property=\"og:description\" content=\"T\u0101 Moko, the bodily art form of the indigenous M\u0101ori of New Zealand. An art form that traditionally marked status, social standing and now embodies a culture, history and family. Moko has in recent years been divided into two main branches; T\u0101 Moko snd Kirituhi. T\u0101 Moko is primarily for those of M\u0101ori blood and [&hellip;]\" \/>\n<meta property=\"og:url\" content=\"http:\/\/otautahitattoo.com\/christchurch\/tattoo-styles\/ta-moko-tatau\/\" \/>\n<meta property=\"og:site_name\" content=\"Otautahi Tattoo - Christchurch\" \/>\n<meta property=\"article:modified_time\" content=\"2023-05-17T02:29:49+00:00\" \/>\n<meta name=\"twitter:card\" content=\"summary_large_image\" \/>\n<meta name=\"twitter:label1\" content=\"Est. reading time\" \/>\n\t<meta name=\"twitter:data1\" content=\"2 minutes\" \/>\n<script type=\"application\/ld+json\" class=\"yoast-schema-graph\">{\"@context\":\"https:\/\/schema.org\",\"@graph\":[{\"@type\":\"WebPage\",\"@id\":\"http:\/\/otautahitattoo.com\/christchurch\/tattoo-styles\/ta-moko-tatau\/\",\"url\":\"http:\/\/otautahitattoo.com\/christchurch\/tattoo-styles\/ta-moko-tatau\/\",\"name\":\"T\u0101 Moko &amp; Kirituhi - \u014ctautahi Tattoo Christchurch Studio\",\"isPartOf\":{\"@id\":\"http:\/\/otautahitattoo.com\/christchurch\/#website\"},\"datePublished\":\"2018-04-25T21:43:04+00:00\",\"dateModified\":\"2023-05-17T02:29:49+00:00\",\"breadcrumb\":{\"@id\":\"http:\/\/otautahitattoo.com\/christchurch\/tattoo-styles\/ta-moko-tatau\/#breadcrumb\"},\"inLanguage\":\"en-US\",\"potentialAction\":[{\"@type\":\"ReadAction\",\"target\":[\"http:\/\/otautahitattoo.com\/christchurch\/tattoo-styles\/ta-moko-tatau\/\"]}]},{\"@type\":\"BreadcrumbList\",\"@id\":\"http:\/\/otautahitattoo.com\/christchurch\/tattoo-styles\/ta-moko-tatau\/#breadcrumb\",\"itemListElement\":[{\"@type\":\"ListItem\",\"position\":1,\"name\":\"Home\",\"item\":\"http:\/\/otautahitattoo.com\/christchurch\/\"},{\"@type\":\"ListItem\",\"position\":2,\"name\":\"Tattoo Styles\",\"item\":\"http:\/\/otautahitattoo.com\/christchurch\/tattoo-styles\/\"},{\"@type\":\"ListItem\",\"position\":3,\"name\":\"T\u0101 Moko &amp; Kirituhi\"}]},{\"@type\":\"WebSite\",\"@id\":\"http:\/\/otautahitattoo.com\/christchurch\/#website\",\"url\":\"http:\/\/otautahitattoo.com\/christchurch\/\",\"name\":\"Otautahi Tattoo - Christchurch\",\"description\":\"Just another My Blog site\",\"publisher\":{\"@id\":\"http:\/\/otautahitattoo.com\/christchurch\/#organization\"},\"potentialAction\":[{\"@type\":\"SearchAction\",\"target\":{\"@type\":\"EntryPoint\",\"urlTemplate\":\"http:\/\/otautahitattoo.com\/christchurch\/?s={search_term_string}\"},\"query-input\":{\"@type\":\"PropertyValueSpecification\",\"valueRequired\":true,\"valueName\":\"search_term_string\"}}],\"inLanguage\":\"en-US\"},{\"@type\":\"Organization\",\"@id\":\"http:\/\/otautahitattoo.com\/christchurch\/#organization\",\"name\":\"Otautahi Tattoo\",\"url\":\"http:\/\/otautahitattoo.com\/christchurch\/\",\"logo\":{\"@type\":\"ImageObject\",\"inLanguage\":\"en-US\",\"@id\":\"http:\/\/otautahitattoo.com\/christchurch\/#\/schema\/logo\/image\/\",\"url\":\"http:\/\/otautahitattoo.com\/christchurch\/wp-content\/uploads\/sites\/3\/2018\/06\/logo.png\",\"contentUrl\":\"http:\/\/otautahitattoo.com\/christchurch\/wp-content\/uploads\/sites\/3\/2018\/06\/logo.png\",\"width\":1227,\"height\":144,\"caption\":\"Otautahi Tattoo\"},\"image\":{\"@id\":\"http:\/\/otautahitattoo.com\/christchurch\/#\/schema\/logo\/image\/\"}}]}<\/script>\n<!-- \/ Yoast SEO plugin. -->","yoast_head_json":{"title":"T\u0101 Moko &amp; Kirituhi - \u014ctautahi Tattoo Christchurch Studio","robots":{"index":"index","follow":"follow","max-snippet":"max-snippet:-1","max-image-preview":"max-image-preview:large","max-video-preview":"max-video-preview:-1"},"canonical":"http:\/\/otautahitattoo.com\/christchurch\/tattoo-styles\/ta-moko-tatau\/","og_locale":"en_US","og_type":"article","og_title":"T\u0101 Moko &amp; Kirituhi - \u014ctautahi Tattoo Christchurch Studio","og_description":"T\u0101 Moko, the bodily art form of the indigenous M\u0101ori of New Zealand. An art form that traditionally marked status, social standing and now embodies a culture, history and family. Moko has in recent years been divided into two main branches; T\u0101 Moko snd Kirituhi. T\u0101 Moko is primarily for those of M\u0101ori blood and [&hellip;]","og_url":"http:\/\/otautahitattoo.com\/christchurch\/tattoo-styles\/ta-moko-tatau\/","og_site_name":"Otautahi Tattoo - Christchurch","article_modified_time":"2023-05-17T02:29:49+00:00","twitter_card":"summary_large_image","twitter_misc":{"Est. reading time":"2 minutes"},"schema":{"@context":"https:\/\/schema.org","@graph":[{"@type":"WebPage","@id":"http:\/\/otautahitattoo.com\/christchurch\/tattoo-styles\/ta-moko-tatau\/","url":"http:\/\/otautahitattoo.com\/christchurch\/tattoo-styles\/ta-moko-tatau\/","name":"T\u0101 Moko &amp; Kirituhi - \u014ctautahi Tattoo Christchurch Studio","isPartOf":{"@id":"http:\/\/otautahitattoo.com\/christchurch\/#website"},"datePublished":"2018-04-25T21:43:04+00:00","dateModified":"2023-05-17T02:29:49+00:00","breadcrumb":{"@id":"http:\/\/otautahitattoo.com\/christchurch\/tattoo-styles\/ta-moko-tatau\/#breadcrumb"},"inLanguage":"en-US","potentialAction":[{"@type":"ReadAction","target":["http:\/\/otautahitattoo.com\/christchurch\/tattoo-styles\/ta-moko-tatau\/"]}]},{"@type":"BreadcrumbList","@id":"http:\/\/otautahitattoo.com\/christchurch\/tattoo-styles\/ta-moko-tatau\/#breadcrumb","itemListElement":[{"@type":"ListItem","position":1,"name":"Home","item":"http:\/\/otautahitattoo.com\/christchurch\/"},{"@type":"ListItem","position":2,"name":"Tattoo Styles","item":"http:\/\/otautahitattoo.com\/christchurch\/tattoo-styles\/"},{"@type":"ListItem","position":3,"name":"T\u0101 Moko &amp; Kirituhi"}]},{"@type":"WebSite","@id":"http:\/\/otautahitattoo.com\/christchurch\/#website","url":"http:\/\/otautahitattoo.com\/christchurch\/","name":"Otautahi Tattoo - Christchurch","description":"Just another My Blog site","publisher":{"@id":"http:\/\/otautahitattoo.com\/christchurch\/#organization"},"potentialAction":[{"@type":"SearchAction","target":{"@type":"EntryPoint","urlTemplate":"http:\/\/otautahitattoo.com\/christchurch\/?s={search_term_string}"},"query-input":{"@type":"PropertyValueSpecification","valueRequired":true,"valueName":"search_term_string"}}],"inLanguage":"en-US"},{"@type":"Organization","@id":"http:\/\/otautahitattoo.com\/christchurch\/#organization","name":"Otautahi Tattoo","url":"http:\/\/otautahitattoo.com\/christchurch\/","logo":{"@type":"ImageObject","inLanguage":"en-US","@id":"http:\/\/otautahitattoo.com\/christchurch\/#\/schema\/logo\/image\/","url":"http:\/\/otautahitattoo.com\/christchurch\/wp-content\/uploads\/sites\/3\/2018\/06\/logo.png","contentUrl":"http:\/\/otautahitattoo.com\/christchurch\/wp-content\/uploads\/sites\/3\/2018\/06\/logo.png","width":1227,"height":144,"caption":"Otautahi Tattoo"},"image":{"@id":"http:\/\/otautahitattoo.com\/christchurch\/#\/schema\/logo\/image\/"}}]}},"_links":{"self":[{"href":"https:\/\/otautahitattoo.com\/christchurch\/wp-json\/wp\/v2\/pages\/51","targetHints":{"allow":["GET"]}}],"collection":[{"href":"https:\/\/otautahitattoo.com\/christchurch\/wp-json\/wp\/v2\/pages"}],"about":[{"href":"https:\/\/otautahitattoo.com\/christchurch\/wp-json\/wp\/v2\/types\/page"}],"author":[{"embeddable":true,"href":"https:\/\/otautahitattoo.com\/christchurch\/wp-json\/wp\/v2\/users\/1"}],"replies":[{"embeddable":true,"href":"https:\/\/otautahitattoo.com\/christchurch\/wp-json\/wp\/v2\/comments?post=51"}],"version-history":[{"count":25,"href":"https:\/\/otautahitattoo.com\/christchurch\/wp-json\/wp\/v2\/pages\/51\/revisions"}],"predecessor-version":[{"id":31610,"href":"https:\/\/otautahitattoo.com\/christchurch\/wp-json\/wp\/v2\/pages\/51\/revisions\/31610"}],"up":[{"embeddable":true,"href":"https:\/\/otautahitattoo.com\/christchurch\/wp-json\/wp\/v2\/pages\/49"}],"wp:attachment":[{"href":"https:\/\/otautahitattoo.com\/christchurch\/wp-json\/wp\/v2\/media?parent=51"}],"curies":[{"name":"wp","href":"https:\/\/api.w.org\/{rel}","templated":true}]}}